be 2 - 14/(-6) - (-1)/(-3). Let q(i) = 7*i**2 - 2*i + 7. What are the prime factors of q(k)?
3, 37
Suppose -4*a = -6*a - 6. What are the prime factors of (-5)/(-2 - a - 0) + 663?
2, 7, 47
Let s(z) = 23695*z**3 - 16*z**2 + 11*z + 2. What are the prime factors of s(1)?
2, 5923
Suppose -3*f + 0*m - 152 = 5*m, 3*f - m + 182 = 0. Let n = f - -61. What are the prime factors of (0 - n)/8 + (-273)/(-4)?
2, 17
Let r(z) = 144*z - 499. What are the prime factors of r(20)?
2381
Suppose 0 = 4*v - 6*g - 50270, -14*v - 5*g + 12600 = -13*v. What are the prime factors of v?
5, 503
Let r = -11126 - -13436. List the prime factors of r.
2, 3, 5, 7, 11
Let k be (-14)/((-297)/(-303) + -1). Suppose 8*q + k = q. List the prime factors of 3/(-4 + 1) - q.
2, 5
Let y(f) = f**2 - f + 4*f + 23 + 11 - 25. Suppose 4*z - 5*z = 6. List the prime factors of y(z).
3
Suppose -164 = -20*j + 116. List the prime factors of -28*7*j/(-8).
7
Suppose -x = b + 9035 - 25543, -x + 16480 = -3*b. What are the prime factors of x?
29, 569
Suppose -3*q - 614 = 2*l - 3617, 0 = 5*l - 2*q - 7479. List the prime factors of l.
3, 499
Let z be (118/(-4))/((-3)/6). Let o(c) = 74*c**2 - z*c**2 - 5*c + 4 - 2. List the prime factors of o(3).
2, 61
Let b = -41 + 85. Suppose k - b - 115 = 0. What are the prime factors of k?
3, 53
Let x = 47 - 16. Suppose a - x - 181 = 0. Let q = a + -137. List the prime factors of q.
3, 5
Let k = 9034 + -2683. Suppose -3*b + q = -8*b + k, -5*q - 1265 = -b. What are the prime factors of b?
2, 5, 127
Let o be -9 + (-632)/(-72) - 58/(-18). Suppose 2*k = -5*j - 104 + 1237, 3*k + o = 0. List the prime factors of j.
227
What are the prime factors of -7 - (1050/154 - 14) - (-511762)/11?
2, 3, 3877
Suppose 5*x = -7*x + 3180. What are the prime factors of (x*-3)/((108/8)/(-9))?
2, 5, 53
Suppose 72*k - 31*k = 56826. List the prime factors of k.
2, 3, 7, 11
Let i(c) = 4*c**2 + 30*c - 9. Let b be i(-8). Suppose b*l - 3540 = l. List the prime factors of l.
2, 5, 59
Let n be (4 - 18/10) + (-2)/10. Let h(w) = 19 - 9 + w + w**n - 2*w. What are the prime factors of h(-9)?
2, 5
Let y be 1 - -5 - ((-2)/2 - 0). Let o = y + 347. List the prime factors of o.
2, 3, 59
Suppose a + 2*a + 228 = 0. Let x = -72 - a. Suppose -x*d + 5*d = 266. List the prime factors of d.
2, 7, 19
Suppose -5*u + 9*u - 2*p + 26 = 0, p + 7 = -2*u. What are the prime factors of (4 - 0)/(u + (-213)/(-42))?
2, 7
Suppose h - 4 = -p, 0 = 5*p - 4*p + 4*h - 1. Suppose 2*b + 736 = 2104. Suppose v = -p*v + b. List the prime factors of v.
2, 3, 19
Let c(d) = 17*d**2 + 309*d - 43. What are the prime factors of c(-34)?
9103
Suppose 61698 = -102*w + 2347518. List the prime factors of w.
2, 3, 5, 83
Let a(p) = -p**3 - p**2 + 14. Let m be a(0). Let u be (-1)/((-5)/535*1). Suppose u + m = x. List the prime factors of x.
11
Suppose 31*t - 30*t + 21 = 0. Let d be t/(-6)*(2 + (-10)/7). Suppose -5*b + d*c + 266 = 0, 5*b + 6*c = 3*c + 251. What are the prime factors of b?
2, 13
Suppose 59*v = 70*v. Suppose -5*z = -2*k - 1277, v*z - 3*z = -3*k - 768. What are the prime factors of z?
3, 5, 17
List the prime factors of -7 + (4/14 - (-64179)/63).
2, 11, 23
Suppose -6*i + i = -80. List the prime factors of (i + 24)*76/5.
2, 19
Let h be (4/(-1))/((-32)/16). Suppose -2*a - u = -108, -h*u + u + 220 = 4*a. Let t = a - -25. List the prime factors of t.
3
Suppose 39 = 3*k - 8*w + 4*w, 33 = 5*k + 4*w. Let u = 94 + k. What are the prime factors of u?
103
Let y(t) = 3*t**3 - 7*t**2 + 4*t + 13438. What are the prime factors of y(0)?
2, 6719
Suppose 5*l = -4*y, y = 5*l - 3*l. Suppose l = 8*i + i - 2673. What are the prime factors of i?
3, 11
Let l be 1 - (5 + 41*30/6). Let y = l - -298. List the prime factors of y.
89
Let c be (-1)/(((-2)/4)/(772/8)). Suppose -12*a + c = -2615. List the prime factors of a.
2, 3, 13
List the prime factors of ((-5256)/4)/(2/(-12)).
2, 3, 73
Let h = -41 - -44. Suppose -3*s + h = -9. Suppose -2*z - 10 = -s*b, 4*z - 27 = -2*b - 7. List the prime factors of b.
2
Let f be ((-2)/3)/(2/(-6)). Let a be (f - 22)*9*5. What are the prime factors of ((27/12)/(-3))/(9/a)?
3, 5
Suppose -a - 2*f + 14 = 0, 21 - 2 = a + 3*f. Let p(l) = 1. Let g(r) = -r + 2. Let h(c) = -g(c) + 6*p(c). List the prime factors of h(a).
2
Let k = 15946 + -4739. List the prime factors of k.
7, 1601
Let o(m) = 58*m + 27. Let n(t) = -116*t - 53. Let d(a) = 4*n(a) + 7*o(a). List the prime factors of d(-5).
3, 89
Let s(j) = 61*j**2 + 49*j - 482. List the prime factors of s(11).
2, 3719
Let k(t) = 9*t + 169. Let o be k(-16). Let u(c) = -3*c**3 + 75*c**2 + 35*c - 35. What are the prime factors of u(o)?
2, 3, 5, 7
Let z = 3978 - -1863. List the prime factors of z.
3, 11, 59
Let a(q) = q**2 - 3*q - 31. Let v be a(9). Let g(j) = -3*j + 86. Let b be g(v). Suppose b*c = 33*c - 48. What are the prime factors of c?
3
Suppose 229*o - 1672663 - 821470 - 2212733 = 0. What are the prime factors of o?
2, 43, 239
List the prime factors of 4*(3 - (-1100 - -9)).
2, 547
Suppose -97*f - 15862 = -99*f. List the prime factors of f.
7, 11, 103
Let h be (1 - (12 + -2))*(-19 - 10). Let j = h - 32. List the prime factors of j.
229
Let j(f) = 7*f**2 + 81*f + 75. What are the prime factors of j(30)?
3, 5, 587
Suppose d = -d + 15*d - 67873. What are the prime factors of d?
23, 227
Let y be (-54)/(-10) - 40/100. List the prime factors of (-3 + 2)*(-10 + y + -644).
11, 59
Suppose 13*d + 12 - 259 = 0. Suppose 4*h - d = g, 0*h + 19 = 3*h + 4*g. Suppose -3 = k + h*b - 29, 2*b = -2*k + 68. What are the prime factors of k?
2, 3
Let f(u) = 3*u + 2. Let s be f(0). Suppose s*n - 5*n = 3*t - 450, 3*n - 758 = -5*t. List the prime factors of t.
2, 7, 11
Let v(r) = -r**3 + 8*r**2 - 8*r + 10. Let p be v(7). Suppose 0 = -4*t - p*g + 1153, -4*t + t - g = -861. What are the prime factors of t?
2, 11, 13
What are the prime factors of 12589/(-3 - -4) - 56/(168/(-12))?
7, 257
Let p(k) = -k**3 - 14*k**2 + 12*k - 12. Let h be p(-15). Suppose 0 = -7*o + 23 + h. Let m = 24 - o. List the prime factors of m.
2
Let u be 243/(-6)*4/(-6). Suppose -j - 4*b + 9 = u, -5 = -5*j - b. List the prime factors of (924/70)/(-3*j/(-20)).
2, 11
Let h(w) be the first derivative of w**4/4 + 13*w**3/3 - 5*w**2 + w - 34. List the prime factors of h(-8).
401
Let i be ((-260)/275 + (-6)/(-11))*-20. Suppose -3158 = -i*j + 498. List the prime factors of j.
457
Let u = 19102 - 13420. What are the prime factors of u?
2, 3, 947
Let t be 38 + 4 + (6 - 11). Let z = t + 456. What are the prime factors of z?
17, 29
List the prime factors of (-10150)/(-3045)*(31362/(-10))/(-1).
2, 5227
Suppose 104884 = 65*t - 211666. What are the prime factors of t?
2, 5, 487
Let t = 34200 + -3130. List the prime factors of t.
2, 5, 13, 239
Let u = 907 - 1567. Let f = u - -1028. List the prime factors of f.
2, 23
Let h(v) = -v**2 - 19*v - 76. Let o be h(-9). Suppose 20*b = o*b + 1578. What are the prime factors of b?
263
Suppose 4*r = 4, 4*n = 3*n + 4*r + 2. Suppose n*i + 1210 = 16. Let a = i - -396. What are the prime factors of a?
197
Let v be -2*(-1)/2*1. Let w be -6 + v - (0 + -2). What are the prime factors of 141/(w - 36/(-8))?
2, 47
Suppose 3424*t - 3441*t + 85629 = 0. What are the prime factors of t?
3, 23, 73
Suppose f - 5*n = -12 - 12, 0 = 2*f - 4*n + 24. Let r be (64/3)/(6*f/(-792)). Suppose o = -10*o + r. What are the prime factors of o?
2
Let o = 207 + -225. List the prime factors of (o - 1)/((-9)/9).
19
Suppose 4*d - 104 = 17*d. Let x be (-1 - -3) + d/4. Suppose -5*s + 0*c + c + 173 = 0, -4*s + 4*c + 148 = x. What are the prime factors of s?
2, 17
Suppose -x - 17 = -21. Suppose 3*y + x*y = 2*y. Suppose y = 3*w - 183 - 153. List the prime factors of w.
2, 7
Let u = 1118 + -760. Suppose 0 = -2*p - j + u, -4*p - j + 1211 - 493 = 0. List the prime factors of p.
2, 3, 5
Let z be 11/4 + 1 + 15/(-20). Suppose z*q = -5*j + 35, -5*j + 19 = 5*q - 6. Let s(f) = 6*f + 17. List the prime factors of s(j).
7, 11
List the prime factors of 206*325/(-200)*84/(-3).
7, 13, 103
Let x be (-4)/22*1/1 - 1092/(-924). Let l(y) = 102*y - 15. Let o(z) = 1. Let t(m) = l(m) + 12*o(m). What are the prime factors of t(x)?
3, 11
Let d = 515 - 276. Let l be d/3 + (-24)/(-18). Suppose 5*r - l = -0*s - 2*s, -5*s + 231 = 3*r. List the prime factors of s.
2, 3
List the prime factors of -